 the prime factors of 151516.
2, 37879
What are the prime factors of 2699105?
5, 193, 2797
List the prime factors of 277426.
2, 23, 37, 163
List the prime factors of 895858.
2, 127, 3527
List the prime factors of 2548387.
47, 59, 919
List the prime factors of 10043975.
5, 41, 239
What are the prime factors of 303814?
2, 7, 21701
List the prime factors of 4555047.
3, 7, 31, 6997
List the prime factors of 10786185.
3, 5, 281, 853
List the prime factors of 180296.
2, 31, 727
List the prime factors of 40962053.
11, 79, 47137
What are the prime factors of 263508?
2, 3, 7, 3137
List the prime factors of 166821.
3, 17, 3271
List the prime factors of 290092.
2, 11, 19, 347
What are the prime factors of 3508082?
2, 139, 12619
What are the prime factors of 62480?
2, 5, 11, 71
List the prime factors of 4455026.
2, 2227513
What are the prime factors of 20542347?
3, 7, 43, 7583
What are the prime factors of 1960462?
2, 7, 233, 601
List the prime factors of 42775314.
2, 3, 7129219
List the prime factors of 177698.
2, 23, 3863
List the prime factors of 971411.
7, 73, 1901
List the prime factors of 11041405.
5, 2208281
List the prime factors of 13941069.
3, 569, 8167
What are the prime factors of 422210?
2, 5, 42221
List the prime factors of 612097.
53, 11549
What are the prime factors of 33806?
2, 16903
List the prime factors of 1345743.
3, 7, 41, 521
List the prime factors of 301575.
3, 5, 4021
What are the prime factors of 122513?
101, 1213
List the prime factors of 1184765.
5, 211, 1123
What are the prime factors of 4417108?
2, 1033, 1069
List the prime factors of 1013692.
2, 253423
What are the prime factors of 5572619?
13, 428663
List the prime factors of 134394.
2, 3, 13, 1723
List the prime factors of 730682.
2, 103, 3547
What are the prime factors of 9325442?
2, 7, 23, 28961
What are the prime factors of 300960?
2, 3, 5, 11, 19
List the prime factors of 144912.
2, 3, 3019
What are the prime factors of 689905?
5, 31, 4451
What are the prime factors of 7802345?
5, 269, 5801
List the prime factors of 135741.
3, 45247
List the prime factors of 15555891.
3, 13, 569, 701
List the prime factors of 324587.
324587
What are the prime factors of 1406060?
2, 5, 229, 307
List the prime factors of 197363.
23, 8581
What are the prime factors of 4543494?
2, 3, 457, 1657
What are the prime factors of 7768908?
2, 3, 7, 30829
What are the prime factors of 14890759?
13, 17, 71, 73
What are the prime factors of 6278561?
6278561
What are the prime factors of 19733552?
2, 19, 139, 467
List the prime factors of 354480.
2, 3, 5, 7, 211
List the prime factors of 4881257.
331, 14747
What are the prime factors of 12721967?
17, 23, 32537
What are the prime factors of 1276597?
7, 26053
What are the prime factors of 69396?
2, 3, 5783
What are the prime factors of 227221?
19, 11959
What are the prime factors of 35675215?
5, 37, 79, 2441
What are the prime factors of 15658718?
2, 59, 132701
What are the prime factors of 422346?
2, 3, 43, 1637
List the prime factors of 1614880.
2, 5, 10093
List the prime factors of 6302090.
2, 5, 73, 89, 97
What are the prime factors of 3903324?
2, 3, 83, 3919
List the prime factors of 1212898.
2, 606449
List the prime factors of 13696082.
2, 47, 145703
List the prime factors of 137032.
2, 7, 2447
What are the prime factors of 6752836?
2, 53, 601
What are the prime factors of 1472645?
5, 294529
List the prime factors of 742411.
337, 2203
List the prime factors of 3100382.
2, 19, 83, 983
List the prime factors of 2087880.
2, 3, 5, 127, 137
List the prime factors of 17584797.
3, 191, 30689
What are the prime factors of 34150616?
2, 59, 72353
What are the prime factors of 523382?
2, 101, 2591
What are the prime factors of 1697782?
2, 37, 22943
What are the prime factors of 4565276?
2, 1141319
What are the prime factors of 194513?
11, 17683
What are the prime factors of 1798258?
2, 7, 11, 11677
List the prime factors of 45254.
2, 11, 17
What are the prime factors of 1588013?
7, 61, 3719
List the prime factors of 6386215.
5, 11, 116113
List the prime factors of 13519984.
2, 844999
What are the prime factors of 735179?
29, 101, 251
List the prime factors of 1944950.
2, 5, 7, 5557
List the prime factors of 104310.
2, 3, 5, 19, 61
What are the prime factors of 1326483?
3, 73, 673
List the prime factors of 1019054.
2, 37, 47, 293
What are the prime factors of 4201244?
2, 17, 31, 1993
What are the prime factors of 359833?
151, 2383
List the prime factors of 5610949.
29, 163, 1187
List the prime factors of 68257.
7, 199
What are the prime factors of 12579880?
2, 5, 314497
What are the prime factors of 8438540?
2, 5, 11, 317
What are the prime factors of 143737?
11, 73, 179
List the prime factors of 1007902.
2, 7, 71993
List the prime factors of 745505.
5, 149101
List the prime factors of 838904.
2, 11, 9533
What are the prime factors of 346971?
3, 115657
List the prime factors of 117961.
179, 659
List the prime factors of 494932.
2, 123733
What are the prime factors of 1134886?
2, 17, 29, 1151
List the prime factors of 319816.
2, 7, 5711
What are the prime factors of 319642?
2, 71, 2251
List the prime factors of 3884713.
7, 554959
What are the prime factors of 2552371?
37, 101, 683
What are the prime factors of 893857?
893857
List the prime factors of 133984.
2, 53, 79
List the prime factors of 1881795.
3, 5, 125453
What are the prime factors of 4399233?
3, 23, 103, 619
List the prime factors of 19701239.
593, 33223
List the prime factors of 1848386.
2, 467, 1979
What are the prime factors of 11306?
2, 5653
What are the prime factors of 414078?
2, 3, 7, 9859
What are the prime factors of 28398002?
2, 14199001
List the prime factors of 12850.
2, 5, 257
List the prime factors of 8763642.
2, 3, 486869
List the prime factors of 19367811.
3, 17, 103, 1229
What are the prime factors of 3676281?
3, 7, 175061
What are the prime factors of 220006?
2, 41, 2683
What are the prime factors of 2856535?
5, 11, 167, 311
What are the prime factors of 74434?
2, 37217
What are the prime factors of 239533?
7, 19, 1801
What are the prime factors of 7708606?
2, 29, 4583
What are the prime factors of 401945?
5, 19, 4231
What are the prime factors of 327302?
2, 37, 4423
List the prime factors of 3367268.
2, 47, 17911
What are the prime factors of 1758619?
79, 113, 197
What are the prime factors of 639526?
2, 319763
List the prime factors of 82323.
3, 3049
List the prime factors of 4972798.
2, 109, 22811
What are the prime factors of 738410?
2, 5, 41, 1801
What are the prime factors of 193922?
2, 47, 2063
What are the prime factors of 15236493?
3, 53, 79, 1213
List the prime factors of 270704.
2, 7, 2417
What are the prime factors of 1123742?
2, 61, 151
What are the prime factors of 490803?
3, 163601
What are the prime factors of 3441040?
2, 5, 43013
What are the prime factors of 2351706?
2, 3, 7, 19, 421
List the prime factors of 3449245.
5, 43, 61, 263
What are the prime factors of 47607?
3, 7, 2267
What are the prime factors of 275477?
83, 3319
List the prime factors of 432531.
3, 11, 17, 257
What are the prime factors of 1384634?
2, 29, 23873
List the prime factors of 261596.
2, 17, 3847
List the prime factors of 3673.
3673
What are the prime factors of 8748100?
2, 5, 87481
List the prime factors of 4238983.
7, 43, 14083
What are the prime factors of 430132?
2, 191, 563
List the prime factors of 10081293.
3, 31, 108401
List the prime factors of 219868.
2, 11, 19, 263
List the prime factors of 9469959.
3, 3156653
What are the prime factors of 7661125?
5, 167, 367
List the prime factors of 919876.
2, 41, 71, 79
List the prime factors of 40822.
2, 20411
List the prime factors of 2512516.
2, 79, 7951
List the prime factors of 6635487.
3, 853, 2593
What are the prime factors of 8738532?
2, 3, 11, 22067
What are the prime factors of 71469?
3, 2647
What are the prime factors of 245732?
2, 23, 2671
List the prime factors of 158353.
13, 937
List the prime factors of 310100.
2, 5, 7, 443
What are the prime factors of 298211?
298211
What are the prime factors of 582170?
2, 5, 58217
List the prime factors of 7179921.
3, 7, 67
What are the prime factors of 17126469?
3, 83, 101, 227
What are the prime factors of 109597?
109597
List the prime factors of 3838879.
11, 348989
List the prime fac